{"id":1899,"date":"2021-11-02T08:28:26","date_gmt":"2021-11-02T08:28:26","guid":{"rendered":"https:\/\/delimpaltasplasticsurgery.com\/?page_id=1899"},"modified":"2021-11-19T20:33:57","modified_gmt":"2021-11-19T20:33:57","slug":"planification","status":"publish","type":"page","link":"https:\/\/delimpaltasplasticsurgery.com\/index.php\/language\/fr\/planification\/","title":{"rendered":"PLANIFICATION"},"content":{"rendered":"<div class=\"fusion-fullwidth fullwidth-box fusion-builder-row-1 fusion-flex-container nonhundred-percent-fullwidth non-hundred-percent-height-scrolling\" style=\"--awb-border-radius-top-left:0px;--awb-border-radius-top-right:0px;--awb-border-radius-bottom-right:0px;--awb-border-radius-bottom-left:0px;--awb-padding-top:60px;--awb-padding-bottom:100px;--awb-margin-bottom:-70px;--awb-background-color:#f5f5f5;--awb-flex-wrap:wrap;\" ><div class=\"fusion-builder-row fusion-row fusion-flex-align-items-flex-start fusion-flex-content-wrap\" style=\"max-width:1289.6px;margin-left: calc(-4% \/ 2 );margin-right: calc(-4% \/ 2 );\"><div class=\"fusion-layout-column fusion_builder_column fusion-builder-column-0 fusion_builder_column_1_1 1_1 fusion-flex-column\" style=\"--awb-bg-size:cover;--awb-width-large:100%;--awb-margin-top-large:0px;--awb-spacing-right-large:1.92%;--awb-margin-bottom-large:20px;--awb-spacing-left-large:1.92%;--awb-width-medium:100%;--awb-order-medium:0;--awb-spacing-right-medium:1.92%;--awb-spacing-left-medium:1.92%;--awb-width-small:100%;--awb-order-small:0;--awb-spacing-right-small:1.92%;--awb-spacing-left-small:1.92%;\"><div class=\"fusion-column-wrapper fusion-column-has-shadow fusion-flex-justify-content-flex-start fusion-content-layout-column\"><div class=\"fusion-title title fusion-title-1 fusion-sep-none fusion-title-center fusion-title-text fusion-title-size-one\" style=\"--awb-margin-top:30px;--awb-margin-bottom:20px;--awb-margin-top-small:10px;--awb-margin-right-small:0px;--awb-margin-bottom-small:10px;--awb-margin-left-small:0px;--awb-font-size:36px;\"><h1 class=\"fusion-title-heading title-heading-center fusion-responsive-typography-calculated\" style=\"margin:0;font-size:1em;--fontSize:36;line-height:0.86;\">PLAN DE DOUBLE \u00c9VALUATION<\/h1><\/div><div class=\"fusion-separator\" style=\"align-self: center;margin-left: auto;margin-right: auto;margin-top:0px;margin-bottom:20px;width:100%;max-width:390px;\"><div class=\"fusion-separator-border sep-single sep-solid\" style=\"--awb-height:20px;--awb-amount:20px;--awb-sep-color:#444444;border-color:#444444;border-top-width:1px;\"><\/div><\/div><div class=\"fusion-text fusion-text-1\"><p style=\"color: rgb(12, 12, 12); font-size: 16px; letter-spacing: 0.3px; line-height: 26px;\" data-fusion-font=\"true\"><span style=\"font-family: var(--body_typography-font-family); font-size: 16px; font-style: var(--body_typography-font-style,normal); font-weight: var(--body_typography-font-weight); letter-spacing: 0.3px; line-height: 24px;\" data-fusion-font=\"true\">Pour le Dr Delimpalta, la partie la plus importante d\u2019une th\u00e9rapie est la cr\u00e9ation du plan de traitement initial qui vise \u00e0 fournir le maximum de services possibles adapt\u00e9s aux donn\u00e9es et aux exigences de chaque patient. Pour cette raison, un double plan de d\u00e9marche qualit\u00e9 est suivi et pr\u00e9sent\u00e9 au patient lors d\u2019une proc\u00e9dure en deux consultations.<\/span><\/p>\n<p style=\"color: rgb(12, 12, 12);\"><span data-fusion-font=\"true\" style=\"font-size: 16px; line-height: 24px; letter-spacing: 0.3px;\">La <\/span><b data-fusion-font=\"true\" style=\"font-size: 16px; line-height: 24px; letter-spacing: 0.3px;\">1\u00e8re consultation<\/b><span data-fusion-font=\"true\" style=\"font-size: 16px; line-height: 24px; letter-spacing: 0.3px;\"> est de connaissance, enregistrant une histoire compl\u00e8te, les besoins, les d\u00e9sirs et les priorit\u00e9s du patient. Un examen clinique complet est r\u00e9alis\u00e9. Une premi\u00e8re approche est \u00e9galement faite sur les solutions possibles existantes et leur co\u00fbt. <\/span><\/p>\n<p style=\"color: rgb(12, 12, 12);\"><span data-fusion-font=\"true\" style=\"font-size: 16px; line-height: 24px; letter-spacing: 0.3px;\">Lors de la <\/span><b data-fusion-font=\"true\" style=\"font-size: 16px; line-height: 24px; letter-spacing: 0.3px;\">2\u00e8me consultation<\/b><span data-fusion-font=\"true\" style=\"font-size: 16px; line-height: 24px; letter-spacing: 0.3px;\">, sont pr\u00e9sent\u00e9s num\u00e9riquement la solution id\u00e9ale propos\u00e9e, les r\u00e9sultats attendus ainsi que les r\u00e8gles et le temps de r\u00e9cup\u00e9ration. Toutes les questions sont r\u00e9pondues, le co\u00fbt final est calcul\u00e9 et la date et la clinique de l\u2019op\u00e9ration sont fix\u00e9es. <\/span><\/p>\n<p style=\"color: rgb(12, 12, 12);\"><span data-fusion-font=\"true\" style=\"font-size: 16px; line-height: 24px; letter-spacing: 0.3px;\">La 1\u00e8re et la 2\u00e8me consultation sont propos\u00e9es en costal comme une visite qui se paie au 1er contact avec le Chirurgien Plasticien. Si d\u00e8s la 1\u00e8re consultation, la planification a \u00e9t\u00e9 achev\u00e9e et la voie du traitement final est d\u00e9cid\u00e9e, alors la programmation de l&#8217;intervention chirurgicale se d\u00e9roule imm\u00e9diatement.<\/span> <\/p>\n<\/div><\/div><\/div><\/div><\/div>\n","protected":false},"excerpt":{"rendered":"","protected":false},"author":1,"featured_media":0,"parent":0,"menu_order":0,"comment_status":"closed","ping_status":"closed","template":"100-width.php","meta":{"footnotes":""},"class_list":["post-1899","page","type-page","status-publish","hentry"],"_links":{"self":[{"href":"https:\/\/delimpaltasplasticsurgery.com\/index.php\/wp-json\/wp\/v2\/pages\/1899","targetHints":{"allow":["GET"]}}],"collection":[{"href":"https:\/\/delimpaltasplasticsurgery.com\/index.php\/wp-json\/wp\/v2\/pages"}],"about":[{"href":"https:\/\/delimpaltasplasticsurgery.com\/index.php\/wp-json\/wp\/v2\/types\/page"}],"author":[{"embeddable":true,"href":"https:\/\/delimpaltasplasticsurgery.com\/index.php\/wp-json\/wp\/v2\/users\/1"}],"replies":[{"embeddable":true,"href":"https:\/\/delimpaltasplasticsurgery.com\/index.php\/wp-json\/wp\/v2\/comments?post=1899"}],"version-history":[{"count":4,"href":"https:\/\/delimpaltasplasticsurgery.com\/index.php\/wp-json\/wp\/v2\/pages\/1899\/revisions"}],"predecessor-version":[{"id":2713,"href":"https:\/\/delimpaltasplasticsurgery.com\/index.php\/wp-json\/wp\/v2\/pages\/1899\/revisions\/2713"}],"wp:attachment":[{"href":"https:\/\/delimpaltasplasticsurgery.com\/index.php\/wp-json\/wp\/v2\/media?parent=1899"}],"curies":[{"name":"wp","href":"https:\/\/api.w.org\/{rel}","templated":true}]}}