{"id":2122,"date":"2021-11-03T11:24:37","date_gmt":"2021-11-03T11:24:37","guid":{"rendered":"https:\/\/delimpaltasplasticsurgery.com\/?page_id=2122"},"modified":"2021-11-03T11:28:32","modified_gmt":"2021-11-03T11:28:32","slug":"orgaos-genitais","status":"publish","type":"page","link":"https:\/\/delimpaltasplasticsurgery.com\/index.php\/language\/pt\/orgaos-genitais\/","title":{"rendered":"\u00d3rg\u00e3os Genitais"},"content":{"rendered":"<p><div class=\"fusion-fullwidth fullwidth-box fusion-builder-row-1 fusion-flex-container nonhundred-percent-fullwidth non-hundred-percent-height-scrolling\" style=\"--awb-border-radius-top-left:0px;--awb-border-radius-top-right:0px;--awb-border-radius-bottom-right:0px;--awb-border-radius-bottom-left:0px;--awb-padding-top:10px;--awb-margin-bottom:0px;--awb-flex-wrap:wrap;\" ><div class=\"fusion-builder-row fusion-row fusion-flex-align-items-center fusion-flex-justify-content-center fusion-flex-content-wrap\" style=\"max-width:1289.6px;margin-left: calc(-4% \/ 2 );margin-right: calc(-4% \/ 2 );\"><div class=\"fusion-layout-column fusion_builder_column fusion-builder-column-0 fusion_builder_column_1_1 1_1 fusion-flex-column\" style=\"--awb-bg-size:cover;--awb-width-large:100%;--awb-margin-top-large:0px;--awb-spacing-right-large:1.92%;--awb-margin-bottom-large:20px;--awb-spacing-left-large:1.92%;--awb-width-medium:100%;--awb-order-medium:0;--awb-spacing-right-medium:1.92%;--awb-spacing-left-medium:1.92%;--awb-width-small:100%;--awb-order-small:0;--awb-spacing-right-small:1.92%;--awb-spacing-left-small:1.92%;\"><div class=\"fusion-column-wrapper fusion-column-has-shadow fusion-flex-justify-content-flex-start fusion-content-layout-column\"><div class=\"fusion-title title fusion-title-1 fusion-sep-none fusion-title-text fusion-title-size-one\" style=\"--awb-text-color:#000000;--awb-margin-top:-5px;--awb-margin-bottom:30px;--awb-margin-top-small:10px;--awb-margin-right-small:0px;--awb-margin-bottom-small:10px;--awb-margin-left-small:0px;--awb-link-color:#000000;--awb-font-size:15px;\"><h1 class=\"fusion-title-heading title-heading-left fusion-responsive-typography-calculated\" style=\"font-family:&quot;Century Gothic&quot;;margin:0;font-size:1em;--fontSize:15;--minFontSize:15;line-height:2.07;\"><a href=\"https:\/\/delimpaltasplasticsurgery.com\/index.php\/aesthetic-procedures\/\" class=\"awb-custom-text-color awb-custom-text-hover-color\" target=\"_self\"><a href=\"https:\/\/delimpaltasplasticsurgery.com\/index.php\/pt\/procedimentos-esteticos\/#aesthetic\">&lt; Back to procedimentos EST\u00c9TICOS<\/a><\/a><\/h1><\/div><\/div><\/div><div class=\"fusion-layout-column fusion_builder_column fusion-builder-column-1 fusion_builder_column_1_3 1_3 fusion-flex-column\" style=\"--awb-bg-size:cover;--awb-width-large:33.333333333333%;--awb-margin-top-large:0px;--awb-spacing-right-large:5.76%;--awb-margin-bottom-large:20px;--awb-spacing-left-large:5.76%;--awb-width-medium:100%;--awb-order-medium:0;--awb-spacing-right-medium:1.92%;--awb-spacing-left-medium:1.92%;--awb-width-small:100%;--awb-order-small:0;--awb-spacing-right-small:1.92%;--awb-spacing-left-small:1.92%;\"><div class=\"fusion-column-wrapper fusion-column-has-shadow fusion-flex-justify-content-flex-start fusion-content-layout-column\"><div class=\"fusion-image-element \" style=\"text-align:center;--awb-caption-title-font-family:var(--h2_typography-font-family);--awb-caption-title-font-weight:var(--h2_typography-font-weight);--awb-caption-title-font-style:var(--h2_typography-font-style);--awb-caption-title-size:var(--h2_typography-font-size);--awb-caption-title-transform:var(--h2_typography-text-transform);--awb-caption-title-line-height:var(--h2_typography-line-height);--awb-caption-title-letter-spacing:var(--h2_typography-letter-spacing);\"><span class=\" fusion-imageframe imageframe-none imageframe-1 hover-type-none\"><img decoding=\"async\" width=\"601\" height=\"300\" title=\"genital_organs\" src=\"https:\/\/delimpaltasplasticsurgery.com\/wp-content\/uploads\/2021\/10\/genital_organs.png\" alt class=\"img-responsive wp-image-1460\" srcset=\"https:\/\/delimpaltasplasticsurgery.com\/wp-content\/uploads\/2021\/10\/genital_organs-200x100.png 200w, https:\/\/delimpaltasplasticsurgery.com\/wp-content\/uploads\/2021\/10\/genital_organs-400x200.png 400w, https:\/\/delimpaltasplasticsurgery.com\/wp-content\/uploads\/2021\/10\/genital_organs.png 601w\" sizes=\"(max-width: 1024px) 100vw, (max-width: 640px) 100vw, 400px\" \/><\/span><\/div><\/div><\/div><div class=\"fusion-layout-column fusion_builder_column fusion-builder-column-2 fusion_builder_column_2_3 2_3 fusion-flex-column\" style=\"--awb-bg-size:cover;--awb-width-large:66.666666666667%;--awb-margin-top-large:0px;--awb-spacing-right-large:2.88%;--awb-margin-bottom-large:60px;--awb-spacing-left-large:2.88%;--awb-width-medium:100%;--awb-order-medium:0;--awb-spacing-right-medium:1.92%;--awb-spacing-left-medium:1.92%;--awb-width-small:100%;--awb-order-small:0;--awb-spacing-right-small:1.92%;--awb-spacing-left-small:1.92%;\"><div class=\"fusion-column-wrapper fusion-column-has-shadow fusion-flex-justify-content-flex-start fusion-content-layout-column\"><div class=\"fusion-title title fusion-title-2 fusion-sep-none fusion-title-center fusion-title-text fusion-title-size-one\" style=\"--awb-text-color:#848484;--awb-margin-top-small:10px;--awb-margin-right-small:0px;--awb-margin-bottom-small:10px;--awb-margin-left-small:0px;\"><h1 class=\"fusion-title-heading title-heading-center fusion-responsive-typography-calculated\" style=\"margin:0;--fontSize:32;line-height:0.97;\"><span style=\"font-family: 'Century Gothic';\" data-fusion-font=\"true\">\u00d3rg\u00e3os Genitais &#8211; procedimentos EST\u00c9TICOS<\/span><\/h1><\/div><\/div><\/div><\/div><\/div><div class=\"fusion-fullwidth fullwidth-box fusion-builder-row-2 fusion-flex-container nonhundred-percent-fullwidth non-hundred-percent-height-scrolling\" style=\"--awb-border-radius-top-left:0px;--awb-border-radius-top-right:0px;--awb-border-radius-bottom-right:0px;--awb-border-radius-bottom-left:0px;--awb-padding-top:80px;--awb-padding-bottom:80px;--awb-margin-top:0px;--awb-background-color:#383838;--awb-flex-wrap:wrap;\" ><div class=\"fusion-builder-row fusion-row fusion-flex-align-items-center fusion-flex-justify-content-center fusion-flex-content-wrap\" style=\"max-width:1289.6px;margin-left: calc(-4% \/ 2 );margin-right: calc(-4% \/ 2 );\"><div class=\"fusion-layout-column fusion_builder_column fusion-builder-column-3 fusion_builder_column_1_1 1_1 fusion-flex-column fusion-flex-align-self-center\" style=\"--awb-padding-right:120px;--awb-padding-left:120px;--awb-padding-right-medium:20px;--awb-padding-left-medium:20px;--awb-padding-right-small:10px;--awb-padding-left-small:10px;--awb-bg-size:cover;--awb-width-large:100%;--awb-margin-top-large:0px;--awb-spacing-right-large:1.92%;--awb-margin-bottom-large:20px;--awb-spacing-left-large:1.92%;--awb-width-medium:100%;--awb-order-medium:0;--awb-spacing-right-medium:1.92%;--awb-spacing-left-medium:1.92%;--awb-width-small:100%;--awb-order-small:0;--awb-spacing-right-small:1.92%;--awb-spacing-left-small:1.92%;\"><div class=\"fusion-column-wrapper fusion-column-has-shadow fusion-flex-justify-content-center fusion-content-layout-column\"><div class=\"accordian fusion-accordian\" style=\"--awb-border-size:1px;--awb-icon-size:16px;--awb-content-font-size:16px;--awb-icon-alignment:right;--awb-hover-color:#f9f9fb;--awb-border-color:#e2e2e2;--awb-background-color:#ffffff;--awb-divider-color:#e0dede;--awb-divider-hover-color:#e0dede;--awb-icon-color:#ffffff;--awb-title-color:#ffffff;--awb-content-color:#050505;--awb-icon-box-color:#333333;--awb-toggle-hover-accent-color:#c6b429;--awb-toggle-active-accent-color:#c6b429;--awb-title-font-family:&quot;Century Gothic&quot;;--awb-title-font-weight:400;--awb-title-font-style:normal;--awb-title-font-size:18px;--awb-content-font-family:&quot;Century Gothic&quot;;--awb-content-font-style:normal;--awb-content-font-weight:400;\"><div class=\"panel-group fusion-toggle-icon-right fusion-toggle-icon-unboxed\" id=\"accordion-2122-1\"><div class=\"fusion-panel panel-default panel-b57845a1eb852f4b2 fusion-toggle-has-divider\"><div class=\"panel-heading\"><h4 class=\"panel-title toggle\" id=\"toggle_b57845a1eb852f4b2\"><a aria-expanded=\"false\" aria-controls=\"b57845a1eb852f4b2\" role=\"button\" data-toggle=\"collapse\" data-parent=\"#accordion-2122-1\" data-target=\"#b57845a1eb852f4b2\" href=\"#b57845a1eb852f4b2\"><span class=\"fusion-toggle-icon-wrapper\" aria-hidden=\"true\"><i class=\"fa-fusion-box active-icon awb-icon-minus\" aria-hidden=\"true\"><\/i><i class=\"fa-fusion-box inactive-icon awb-icon-plus\" aria-hidden=\"true\"><\/i><\/span><span class=\"fusion-toggle-heading\">Labioplastia (ninfoplastia) de redu\u00e7\u00e3o dos pequenos labios<\/span><\/a><\/h4><\/div><div id=\"b57845a1eb852f4b2\" class=\"panel-collapse collapse \" aria-labelledby=\"toggle_b57845a1eb852f4b2\"><div class=\"panel-body toggle-content fusion-clearfix\">\n<p style=\"color: #ffffff; font-size: 16px; font-family: 'Century Gothic'; line-height: 26px; letter-spacing: 0.3px;\" data-fusion-font=\"true\"><span style=\"font-size: 16px; line-height: 24px;\" data-fusion-font=\"true\">Renova\u00e7\u00e3o e remodela\u00e7\u00e3o dos pequenos l\u00e1bios da vulva pela redu\u00e7\u00e3o do seu volume, retifica\u00e7\u00e3o e suaviza\u00e7\u00e3o do contorno em caso de hiperplasia (l\u00e1bios grandes e de forma irregular) ou em caso de flacidez natural (l\u00e1bios ca\u00eddos). O resultado \u00e9 obtido com o m\u00e9todo de ressec\u00e7\u00f5es parciais especiais dos pequenos l\u00e1bios).<\/span><\/p>\n<\/div><\/div><\/div><div class=\"fusion-panel panel-default panel-1f911d56dae8eaf52 fusion-toggle-has-divider\"><div class=\"panel-heading\"><h4 class=\"panel-title toggle\" id=\"toggle_1f911d56dae8eaf52\"><a aria-expanded=\"false\" aria-controls=\"1f911d56dae8eaf52\" role=\"button\" data-toggle=\"collapse\" data-parent=\"#accordion-2122-1\" data-target=\"#1f911d56dae8eaf52\" href=\"#1f911d56dae8eaf52\"><span class=\"fusion-toggle-icon-wrapper\" aria-hidden=\"true\"><i class=\"fa-fusion-box active-icon awb-icon-minus\" aria-hidden=\"true\"><\/i><i class=\"fa-fusion-box inactive-icon awb-icon-plus\" aria-hidden=\"true\"><\/i><\/span><span class=\"fusion-toggle-heading\">Labioplastia (ninfoplastia) de aumento dos l\u00e1bios mayores<\/span><\/a><\/h4><\/div><div id=\"1f911d56dae8eaf52\" class=\"panel-collapse collapse \" aria-labelledby=\"toggle_1f911d56dae8eaf52\"><div class=\"panel-body toggle-content fusion-clearfix\">\n<p style=\"color: rgb(255, 255, 255); font-size: 16px; line-height: 24px; letter-spacing: 0.3px;\" data-fusion-font=\"true\">Renova\u00e7\u00e3o, regenera\u00e7\u00e3o e rejuvenescimento dos grandes l\u00e1bios da vulva por aumento de volume, retifica\u00e7\u00e3o e suaviza\u00e7\u00e3o do contorno em caso de hipoplasia (achatamento e aus\u00eancia de volume) ou em caso de flacidez e atrofia naturais (l\u00e1bios ca\u00eddos e vazios). O resultado \u00e9 alcan\u00e7ado com o m\u00e9todo de transfer\u00eancia de gordura (transplante aut\u00f3logo de gordura)<\/p>\n<\/div><\/div><\/div><div class=\"fusion-panel panel-default panel-d9a4d8d233308fc7d fusion-toggle-has-divider\"><div class=\"panel-heading\"><h4 class=\"panel-title toggle\" id=\"toggle_d9a4d8d233308fc7d\"><a aria-expanded=\"false\" aria-controls=\"d9a4d8d233308fc7d\" role=\"button\" data-toggle=\"collapse\" data-parent=\"#accordion-2122-1\" data-target=\"#d9a4d8d233308fc7d\" href=\"#d9a4d8d233308fc7d\"><span class=\"fusion-toggle-icon-wrapper\" aria-hidden=\"true\"><i class=\"fa-fusion-box active-icon awb-icon-minus\" aria-hidden=\"true\"><\/i><i class=\"fa-fusion-box inactive-icon awb-icon-plus\" aria-hidden=\"true\"><\/i><\/span><span class=\"fusion-toggle-heading\">Combina\u00e7\u00e3o das duas cirurgias acima<\/span><\/a><\/h4><\/div><div id=\"d9a4d8d233308fc7d\" class=\"panel-collapse collapse \" aria-labelledby=\"toggle_d9a4d8d233308fc7d\"><div class=\"panel-body toggle-content fusion-clearfix\">\n<\/div><\/div><\/div><div class=\"fusion-panel panel-default panel-652c0e8d16a1395fb fusion-toggle-has-divider\"><div class=\"panel-heading\"><h4 class=\"panel-title toggle\" id=\"toggle_652c0e8d16a1395fb\"><a aria-expanded=\"false\" aria-controls=\"652c0e8d16a1395fb\" role=\"button\" data-toggle=\"collapse\" data-parent=\"#accordion-2122-1\" data-target=\"#652c0e8d16a1395fb\" href=\"#652c0e8d16a1395fb\"><span class=\"fusion-toggle-icon-wrapper\" aria-hidden=\"true\"><i class=\"fa-fusion-box active-icon awb-icon-minus\" aria-hidden=\"true\"><\/i><i class=\"fa-fusion-box inactive-icon awb-icon-plus\" aria-hidden=\"true\"><\/i><\/span><span class=\"fusion-toggle-heading\">Aumento do p\u00e9nis<\/span><\/a><\/h4><\/div><div id=\"652c0e8d16a1395fb\" class=\"panel-collapse collapse \" aria-labelledby=\"toggle_652c0e8d16a1395fb\"><div class=\"panel-body toggle-content fusion-clearfix\">\n<p style=\"color: rgb(255, 255, 255); font-size: 16px; line-height: 24px; letter-spacing: 0.3px;\" data-fusion-font=\"true\">Aumente o volume do corpo do p\u00eanis perimetricamente e ao longo do eixo longitudinal em 1-2 cm. O resultado \u00e9 alcan\u00e7ado com o m\u00e9todo de transfer\u00eancia de gordura (transplante aut\u00f3logo de gordura)<\/p>\n<\/div><\/div><\/div><div class=\"fusion-panel panel-default panel-134f6d3ff94317576 fusion-toggle-has-divider\"><div class=\"panel-heading\"><h4 class=\"panel-title toggle\" id=\"toggle_134f6d3ff94317576\"><a aria-expanded=\"false\" aria-controls=\"134f6d3ff94317576\" role=\"button\" data-toggle=\"collapse\" data-parent=\"#accordion-2122-1\" data-target=\"#134f6d3ff94317576\" href=\"#134f6d3ff94317576\"><span class=\"fusion-toggle-icon-wrapper\" aria-hidden=\"true\"><i class=\"fa-fusion-box active-icon awb-icon-minus\" aria-hidden=\"true\"><\/i><i class=\"fa-fusion-box inactive-icon awb-icon-plus\" aria-hidden=\"true\"><\/i><\/span><span class=\"fusion-toggle-heading\">Reanima\u00e7\u00e3o do p\u00e9nis<\/span><\/a><\/h4><\/div><div id=\"134f6d3ff94317576\" class=\"panel-collapse collapse \" aria-labelledby=\"toggle_134f6d3ff94317576\"><div class=\"panel-body toggle-content fusion-clearfix\">\n<p><span style=\"color: rgb(255, 255, 255); font-size: 16px; line-height: 24px; letter-spacing: 0.1px;\" data-fusion-font=\"true\">Renovar a apar\u00eancia e melhorar a sensa\u00e7\u00e3o e capacidade er\u00e9til do p\u00eanis com \u03b9nfus\u00e3o de plasma rico em plaquetas (PRP) no corpo do p\u00eanis<\/span><\/p>\n<\/div><\/div><\/div><div class=\"fusion-panel panel-default panel-97d4723d26d00468a fusion-toggle-has-divider\"><div class=\"panel-heading\"><h4 class=\"panel-title toggle\" id=\"toggle_97d4723d26d00468a\"><a aria-expanded=\"false\" aria-controls=\"97d4723d26d00468a\" role=\"button\" data-toggle=\"collapse\" data-parent=\"#accordion-2122-1\" data-target=\"#97d4723d26d00468a\" href=\"#97d4723d26d00468a\"><span class=\"fusion-toggle-icon-wrapper\" aria-hidden=\"true\"><i class=\"fa-fusion-box active-icon awb-icon-minus\" aria-hidden=\"true\"><\/i><i class=\"fa-fusion-box inactive-icon awb-icon-plus\" aria-hidden=\"true\"><\/i><\/span><span class=\"fusion-toggle-heading\">Combina\u00e7\u00e3o dos dois acima<\/span><\/a><\/h4><\/div><div id=\"97d4723d26d00468a\" class=\"panel-collapse collapse \" aria-labelledby=\"toggle_97d4723d26d00468a\"><div class=\"panel-body toggle-content fusion-clearfix\">\n<\/div><\/div><\/div><\/div><\/div><\/div><\/div><\/div><\/div><\/p>\n","protected":false},"excerpt":{"rendered":"","protected":false},"author":1,"featured_media":0,"parent":0,"menu_order":0,"comment_status":"closed","ping_status":"closed","template":"100-width.php","meta":{"footnotes":""},"class_list":["post-2122","page","type-page","status-publish","hentry"],"_links":{"self":[{"href":"https:\/\/delimpaltasplasticsurgery.com\/index.php\/wp-json\/wp\/v2\/pages\/2122","targetHints":{"allow":["GET"]}}],"collection":[{"href":"https:\/\/delimpaltasplasticsurgery.com\/index.php\/wp-json\/wp\/v2\/pages"}],"about":[{"href":"https:\/\/delimpaltasplasticsurgery.com\/index.php\/wp-json\/wp\/v2\/types\/page"}],"author":[{"embeddable":true,"href":"https:\/\/delimpaltasplasticsurgery.com\/index.php\/wp-json\/wp\/v2\/users\/1"}],"replies":[{"embeddable":true,"href":"https:\/\/delimpaltasplasticsurgery.com\/index.php\/wp-json\/wp\/v2\/comments?post=2122"}],"version-history":[{"count":3,"href":"https:\/\/delimpaltasplasticsurgery.com\/index.php\/wp-json\/wp\/v2\/pages\/2122\/revisions"}],"predecessor-version":[{"id":2125,"href":"https:\/\/delimpaltasplasticsurgery.com\/index.php\/wp-json\/wp\/v2\/pages\/2122\/revisions\/2125"}],"wp:attachment":[{"href":"https:\/\/delimpaltasplasticsurgery.com\/index.php\/wp-json\/wp\/v2\/media?parent=2122"}],"curies":[{"name":"wp","href":"https:\/\/api.w.org\/{rel}","templated":true}]}}